ase 3
1000220
What is -5ca (base 13) in base 4?
-33303
Convert 78ab (base 12) to base 10.
13379
Convert -1347 (base 11) to base 16.
-6d1
Convert 253 (base 9) to base 12.
156
What is -1052 (base 9) in base 14?
-3d6
Convert -121 (base 3) to base 5.
-31
What is 494 (base 16) in base 8?
2224
Convert -a (base 15) to base 7.
-13
What is -121020 (base 3) in base 9?
-536
-4301 (base 7) to base 14
-7a8
10000011000010 (base 2) to base 13
3a81
Convert 11101101 (base 2) to base 12.
179
What is 101011 (base 2) in base 14?
31
-109 (base 14) to base 12
-151
What is -12360 (base 14) in base 6?
-542212
Convert -63e (base 16) to base 15.
-718
Convert 2002212 (base 3) to base 9.
2085
Convert 3660 (base 7) to base 10.
1365
112104 (base 5) to base 6
30353
32011 (base 4) to base 7
2425
225351 (base 7) to base 11
2831a
Convert 1031321 (base 4) to base 9.
6748
Convert 389 (base 12) to base 13.
324
What is -87542 (base 9) in base 7?
-331124
Convert 2b0 (base 15) to base 2.
1001100111
What is -a4f (base 16) in base 8?
-5117
3007 (base 8) to base 7
4333
What is -2258 (base 11) in base 15?
-d2c
Convert 1c23 (base 15) to base 6.
44140
888 (base 12) to base 7
3443
Convert 167 (base 15) to base 8.
502
201102 (base 3) to base 15
24e
Convert 100110000110 (base 2) to base 12.
14b2
-144124 (base 5) to base 13
-2a62
What is -112442 (base 5) in base 11?
-3108
-5203 (base 10) to base 6
-40031
Convert -38e (base 15) to base 8.
-1451
453 (base 15) to base 11
80a
-16cb8 (base 13) to base 8
-125622
Convert -101110 (base 3) to base 15.
-13c
Convert 28a (base 12) to base 3.
112121
-131133 (base 5) to base 13
-2477
-12946 (base 10) to base 2
-11001010010010
What is -222142 (base 5) in base 13?
-371a
-e5a (base 15) to base 3
-11102211
1b0 (base 14) to base 3
110222
-9c (base 16) to base 4
-2130
10643 (base 11) to base 14
5890
Convert 12121 (base 3) to base 15.
a1
Convert 21215 (base 12) to base 14.
11bd7
Convert -277 (base 8) to base 5.
-1231
Convert -4b17 (base 13) to base 5.
-320132
What is -1b52 (base 14) in base 11?
-3810
What is 2aa (base 13) in base 15?
21d
Convert 4394 (base 15) to base 11.
a833
Convert -121111022 (base 3) to base 14.
-454b
Convert -1101 (base 2) to base 14.
-d
114140 (base 7) to base 12
bb55
Convert 40776 (base 9) to base 6.
324240
2642 (base 11) to base 6
23522
Convert 36336 (base 7) to base 10.
9435
412440 (base 5) to base 10
13495
What is -12235 (base 8) in base 6?
-40233
1201121 (base 3) to base 15
58d
11022 (base 5) to base 3
1001020
What is -6ab (base 12) in base 5?
-12440
What is -10423 (base 6) in base 4?
-112233
-30601 (base 7) to base 6
-54414
What is 16023 (base 7) in base 16?
117c
What is 224 (base 8) in base 15?
9d
-11110010 (base 2) to base 11
-200
Convert 146 (base 13) to base 6.
1015
Convert -1461 (base 12) to base 6.
-15001
326a0 (base 11) to base 14
133d3
Convert ac (base 16) to base 7.
334
-7417 (base 9) to base 7
-21604
Convert 21040 (base 10) to base 13.
9766
b (base 15) to base 12
b
What is 1016 (base 10) in base 14?
528
Convert -100130 (base 4) to base 6.
-4512
What is -36b4 (base 14) in base 6?
-112142
Convert -ca8d (base 14) to base 2.
-1000100011000101
Convert 9eb (base 16) to base 14.
cd5
Convert -1141 (base 5) to base 9.
-210
-3721 (base 8) to base 14
-a2d
-146e (base 15) to base 5
-120004
Convert 431 (base 10) to base 8.
657
Convert 360 (base 10) to base 6.
1400
Convert 2296 (base 15) to base 13.
3459
-5716 (base 9) to base 2
-1000010000011
-4403 (base 5) to base 16
-25b
Convert 2760 (base 12) to base 6.
33000
What is 2021102 (base 4) in base 12?
5102
What is -576 (base 16) in base 5?
-21043
Convert -d04 (base 14) to base 13.
-1214
20240 (base 5) to base 16
528
-14456 (base 14) to base 3
-2112221012
10401 (base 5) to base 16
2d6
What is -46111 (base 8) in base 2?
-100110001001001
Convert -657 (base 14) to base 3.
-1201102
Convert 17349 (base 11) to base 9.
36382
-22f (base 16) to base 7
-1426
What is 525 (base 8) in base 7?
665
247 (base 13) to base 4
12031
Convert 2310113 (base 4) to base 14.
42c7
20 (base 14) to base 8
34
Convert -20842 (base 9) to base 3.
-200221102
Convert -20021 (base 4) to base 13.
-311
-107c9 (base 15) to base 5
-3134024
What is 100001111010010 (base 2) in base 9?
25731
What is 61806 (base 9) in base 4?
21330231
Convert -17273 (base 12) to base 7.
-165546
Convert -1002022212 (base 3) to base 9.
-32285
Convert 100011010111 (base 2) to base 4.
203113
Convert -314035 (base 7) to base 12.
-27464
-2044 (base 9) to base 5
-21443
-10036 (base 10) to base 4
-2130310
What is -1d6 (base 14) in base 13?
-237
-5101 (base 9) to base 11
-2889
Convert 111000000111011 (base 2) to base 10.
28731
Convert 101e (base 16) to base 9.
5584
-25563 (base 7) to base 4
-1222113
What is 221110022 (base 3) in base 16?
487d
Convert 11422 (base 15) to base 14.
1603a
75 (base 12) to base 6
225
What is -1684 (base 12) in base 14?
-da4
What is -163 (base 16) in base 14?
-1b5
Convert 250c3 (base 13) to base 2.
10000101010101010
-1aa (base 15) to base 7
-1060
What is -5563 (base 9) in base 7?
-14655
What is -42a (base 14) in base 10?
-822
801 (base 10) to base 2
1100100001
What is 290 (base 14) in base 6?
2222
321 (base 6) to base 14
89
4c (base 16) to base 15
51
-1a10 (base 11) to base 6
-15452
What is -13c (base 15) in base 8?
-432
What is -111010000011 (base 2) in base 6?
-25111
-bb4 (base 12) to base 4
-122320
What is -a1 (base 16) in base 15?
-ab
-10114 (base 5) to base 15
-2de
-c73 (base 14) to base 11
-1930
What is -20101 (base 4) in base 10?
-529
Convert 469 (base 13) to base 16.
2fb
What is -1a18 (base 11) in base 7?
-10315
-3585 (base 12) to base 3
-22020102
What is 931 (base 13) in base 11?
119a
2421 (base 7) to base 2
1110000001
What is 551 (base 12) in base 13?
481
Convert -20210012 (base 3) to base 7.
-20264
What is 2040124 (base 5) in base 15?
a029
What is -2fd4 (base 16) in base 5?
-342434
What is 3234 (base 10) in base 6?
22550
What is 1353 (base 6) in base 7?
1020
What is -103132 (base 4) in base 9?
-1634
Convert -1654 (base 14) to base 4.
-332122
What is 173b6 (base 12) in base 14?
c25c
Convert -112100221 (base 3) to base 10.
-10474
What is -2a3 (base 14) in base 16?
-217
1a0b (base 13) to base 4
330322
Convert 312 (base 5) to base 3.
10001
What is -78 (base 10) in base 14?
-58
What is cd93 (base 14) in base 4?
20230111
Convert -6300 (base 9) to base 2.
-1001000001001
-61067 (base 8) to base 14
-923d
Convert 226 (base 13) to base 12.
26a
Convert -1eee (base 15) to base 2.
-1101001011101
-121033 (base 5) to base 9
-6170
Convert 35410 (base 6) to base 13.
2439
Convert a605 (base 11) to base 4.
3123121
12fb (base 16) to base 14
1ab1
Convert -113032 (base 4) to base 8.
-2716
-1209 (base 12) to base 6
-13213
What is 95d (base 14) in base 10?
1847
Convert -64401 (base 9) to base 12.
-207a7
-9359 (base 11) to base 6
-133234
Convert 6628 (base 9) to base 10.
4886
-14ba (base 15) to base 9
-6084
-323006 (base 7) to base 6
-1112242
1111101001111 (base 2) to base 6
101035
-10001011001011 (base 2) to base 8
-21313
3a9 (base 14) to base 3
1000022
Convert 1239 (base 15) to base 4.
330213
What is 1103322 (base 4) in base 8?
12372
What is 41a (base 14) in base 2?
1100101000
Convert 1000010000010 (base 2) to base 15.
13bb
What is -66062 (base 7) in base 10?
-16508
-29c (base 16) to base 15
-2e8
What is -35371 (base 11) in base 2?
-1100011101001011
1000001110 (base 2) to base 14
298
14100 (base 5) to base 8
2176
396 (base 11) to base 10
468
What is -10011001100 (base 2) in base 12?
-864
Convert 2ca (base 15) to base 4.
22000
Convert 11202010 (base 3) to base 11.
2665
121112 (base 3) to base 4
12332
What is -647 (base 8) in base 14?
-223
11865 (base 9) to base 10
7997
What is -75002 (base 8) in base 7?
-160030
Convert 2644 (base 7) to base 9.
1344
8767 (base 11) to base 16
2d30
What is -132233 (base 4) in base 5?
-30332
343c (base 14) to base 7
35305
What is -31b4 (base 12) in base 7?
-21634
What is -1527 (base 12) in base 5?
-34404
Convert 111110101 (base 2) to base 9.
616
What is -110011100000010 (base 2) in base 7?
-136611
Convert 1030 (base 5) to base 14.
a0
-16 (base 8) to base 3
-112
102112 (base 4) to base 16
496
Convert 119c (base 13) to base 3.
10102102
Convert 6025 (base 8) to base 11.
2362
640 (base 15) to base 13
846
What is -430 